ivative of -x**6/120 - 7*x**5/60 + x**4/24 + x**3/6 + 3*x**2 - 105*x + 35. What is t(c)?
-41
Let s(x) = x**3 - 7*x**2 + 9*x - 1. Let i be 3 + -5 + -6 - -4. Let q be 5 + (-1)/(i/(-20)). Suppose k + 16 - 22 = q. Calculate s(k).
17
Let s = -25 + 14. Let d(q) be the first derivative of 2*q**2 + 35*q + 2417. What is d(s)?
-9
Let b(s) = -s**2 - 16*s + 11. Let j(w) = -3*w**2 - 47*w + 23. Let g(x) = -8*b(x) + 3*j(x). What is g(-13)?
-19
Let q(a) = -a**2 + 6*a + 7. Suppose 0 = 5*k - 93 - 57. Suppose 0 = -7*y + 12*y - k. Determine q(y).
7
Let x = -7082 + 7088. Let n(y) = y - 9. What is n(x)?
-3
Let p(m) = -m**2 - 18*m - 29. Suppose -4*y - 265 = 2*v - 249, -3*v = -2*y + 40. Give p(v).
43
Let z(w) = w**3 - 7*w**2 - 8*w + 4. Let h be (99/27)/(3/9 - 0). Suppose 8 = 15*k - h*k. Let u = 6 + k. Give z(u).
4
Let s(k) = 11*k**2 - k. Suppose -a - 22 = -2*a. Let r be (a/(-3) - -1)/((-1)/6). Let i = r - 37. Calculate s(i).
10
Let f(p) = -p**3 + 4*p**2 - 2*p - 2. Suppose 3*z = 3*d + 15 + 12, -d + 2 = 0. Let h(u) = 48 - 13 + z*u**2 + u + u**3 - 21. Let s be h(-11). What is f(s)?
1
Let q(j) = 46*j - 93. Suppose -10*w + 130 - 110 = 0. Let n be q(w). Let r(g) = -13*g**3 + 1. Give r(n).
14
Suppose 34 + 746 = 6*z. Let p = -121 + z. Let f(h) = h**3 - 9*h**2 - 4. What is f(p)?
-4
Let a = 15 + -20. Let o(x) = 101*x + x**3 - 106*x - 9*x**2 - 4 - 2*x**3. Let q(s) = -s**3 - 10*s**2 - 6*s - 5. Let y(t) = -5*o(t) + 4*q(t). Calculate y(a).
-5
Let i(f) = -f + 1. Let p(o) = 5*o - 4. Let q(c) = 7*i(c) + 2*p(c). Let t(r) = -4*r**2 + 4*r - 3. Let y(w) = -4*q(w) + 2*t(w). What is y(-1)?
-6
Let x(a) = 21*a + 167 - 81 - 80. What is x(-2)?
-36
Let x(v) be the second derivative of -v**3/6 - 2*v**2 + v. Let s(c) = 3*c**3 + 70*c**2 + 12*c - 255. Let j be s(-23). What is x(j)?
-2
Let w(k) = 12*k**3 - 2*k - 1. Let y be 475/2 - (-12)/24. Let d = -239 + y. Determine w(d).
-11
Let r(o) = 7*o**2 - 4*o + 8. Let c = 226 - 224. Let i(d) = 3*d**2 - 2*d + 3. Let m(u) = c*r(u) - 5*i(u). Calculate m(-3).
-14
Let i(d) = -7*d**3 - 2*d**2 + 1. Let m(f) = 3*f + 25. Let c be m(0). Suppose 6*p = -1 + c. Let v = p + -3. Determine i(v).
-8
Let z(h) = 3*h**2 - 30*h - 12. Let j(x) = -x**2 + 17*x + 6. Let w(c) = -5*j(c) - 3*z(c). Calculate w(-4).
-78
Let y(f) be the third derivative of -f**6/120 + 9*f**5/20 - f**4/8 + 73*f**3/6 + 7505*f**2. What is y(27)?
-8
Let w(t) = -t + 1. Suppose 14 = 3*n - j, -5*j + 4*j - 8 = -2*n. Let x(u) = -u - 7 - 6*u + n*u. Let q(o) = 6*w(o) + x(o). Calculate q(-1).
6
Let p(z) be the first derivative of -z**3/3 + 7*z**2/2 + 6*z + 600. Let r(l) = -2*l**2 - 16*l + 8. Let s be r(-8). What is p(s)?
-2
Let o be (-39)/(-91) + ((-75)/(-21) - -1). Let f(m) = 17*m**2 - 13*m**2 - 5*m**2 + 3 - o + 4*m. Calculate f(3).
1
Let v(m) = -m**3 - 13*m**2 - 11*m + 24. Let n = -487 - -475. Calculate v(n).
12
Let t(q) = -q - 3. Let j be (1 + -2)/(-2*3/54). Suppose 1 = -5*y - 4*a + j, 5*a = 5*y - 35. Suppose 5*d - 8 = y*g + 4, -2*g - 2*d - 6 = 0. Determine t(g).
0
Let j = -29 - -36. Let x(r) = 12 + 0*r - j*r**2 - r**3 - 19 - 8*r. Suppose a - 14 = 2*l, 0*l - a = 2*l + 10. What is x(l)?
5
Let t(b) = 4*b**3 - 18*b**2 + 3. Let g(x) = 7*x**3 - 32*x**2 - x + 7. Let f(d) = -3*g(d) + 5*t(d). Calculate f(6).
12
Let h = -19 - -13. Let o(i) = 19*i - 12. Let s(f) be the first derivative of 6*f**2 - 8*f - 12. Let j(x) = 5*o(x) - 8*s(x). Calculate j(h).
10
Let s be (-20)/(10 - 15) + 5. Let j(y) be the first derivative of -y**4/4 + 3*y**3 + 5*y - 8. Calculate j(s).
5
Let p(i) = -i - 7. Let u = -106 + 99. Let f be ((-36)/5 - u) + (-22)/(-10). Suppose 11 = o - 2*o + d, 0 = 3*o - f*d + 31. What is p(o)?
2
Let i be (-195)/20 - (-2)/(-8). Let w = 24 + i. Suppose -18 = 5*s + 7, -w = -f + 2*s. Let m(z) = -z**3 + 4*z**2 - 5*z + 6. Calculate m(f).
-14
Let f(w) = -3*w**2 + 362*w - 932. Let p be f(118). Let v(g) = 4*g**2 - 21 - 10*g - g**3 + 9*g**2 - 6. Determine v(p).
-3
Let d = 5538 + -5581. Let u(g) = -2*g - 93. Calculate u(d).
-7
Let x(v) = 6*v**2 + 5*v + 4. Let r be x(-2). Suppose 0*o = 4*y + 4*o + 4, 3*y - 4*o = r. Let g(b) = 7 - 3*b + b + 4*b - b**y + 0. Calculate g(5).
-8
Let u(p) = p - 2. Let s(z) = -z. Let i(l) = -3*s(l) + u(l). Let w be (7/((-14)/(-12)))/((-1296)/648). Calculate i(w).
-14
Let m(q) = q**3 - 17*q**2 + 3*q - 37. Let w = -952 - -969. Calculate m(w).
14
Let k(y) = -y**3 - 7*y**2 - 5*y + 2. Let x(b) = -2*b**3 - 14*b**2 - 10*b + 3. Let s(h) = 9*k(h) - 4*x(h). Suppose -6498 = 7*c - 6463. Calculate s(c).
-19
Let w be (3 - (-30)/(-12))*4. Let q(k) = 194*k + 4*k**2 - 193*k + w - k**2. Calculate q(-2).
12
Let p = 112 - 110. Suppose -p*m = 3*u + 17, 5*m + 19 = -5*u + 4*m. Let l(w) = -2*w - 5. Determine l(u).
1
Let n be 3 - ((-3 - -8) + -8). Suppose -12*w = -11*w - n. Suppose -4*m - w = -7*m. Let r(j) = 3*j. What is r(m)?
6
Suppose -k - 8 = -3*g, 3*g - 2*k = 3*k + 28. Let v = 13 + g. Let h be v - 17 - (1 + 14/(-2)). Let p(r) = 2*r + 2. What is p(h)?
8
Let d(v) = -6*v**2 + 3*v + 8. Let a(j) = -7*j**2 + 4*j + 9. Let f(i) = 4*a(i) - 5*d(i). Suppose 0 = 5*y + 148 + 1522. Let q = y - -331. Determine f(q).
11
Let h(p) be the third derivative of p**6/360 + p**5/120 - p**4/24 - 17*p**3/2 + 3*p**2 - 12. Let x(y) be the first derivative of h(y). Give x(-3).
5
Suppose -5*p - g + 12 = -43, 3*g = -4*p + 33. Let f(t) = 2*t - 3*t - 2*t - 5 + 2*t. What is f(p)?
-17
Let q = 732 - 731. Let z(c) = -55*c + 17*c**2 + q - 18*c**2 + 52*c. Let f(o) = o**2 - 6*o + 1. Let j be f(5). Give z(j).
-3
Let u(v) = -4*v + 16. Suppose -11*d - 34*d + 11*d - 170 = 0. Give u(d).
36
Let c(t) = -2646*t + 5292*t - 2644*t - 1. Let u be -1 + -3 - 99/(-11). Give c(u).
9
Let d(q) = -q - 6. Let x be d(-8). Let u(t) be the second derivative of -t**4/6 + t**3/3 + 40*t. Calculate u(x).
-4
Let f(o) be the third derivative of o**4/4 - 19*o**3/6 + 5*o**2 - 144. Calculate f(4).
5
Let b(j) be the third derivative of -13/24*j**4 - 19/6*j**3 + 0*j - 2*j**2 + 1/60*j**5 - 17. What is b(15)?
11
Let v be (1 - -1) + (2 - 1). Suppose -2*q = -q - v. Let o(s) = -5*s**2 + 4*s. Let k(m) = 17*m**2 - 12*m - 1. Let t(d) = -2*k(d) - 7*o(d). Give t(q).
-1
Let b be ((-15)/18 - -2)/(2/12). Let r(u) be the second derivative of 0*u**2 + 0 - 1/12*u**4 - 3*u + 4/3*u**3. Give r(b).
7
Let v = 345 + 253. Let q(g) = 7 - 299*g - 300*g + v*g. Calculate q(7).
0
Suppose -5*t + 41 = 223*h - 226*h, -5*t + 48 = -4*h. Let s(n) be the first derivative of -8/3*n**3 - 5*n**2 + 17 + 1/4*n**t - 2*n. What is s(9)?
-11
Let j(l) = 116*l**2 - 34*l. Let m be j(-6). Let i(z) = m*z - 3*z**2 - 4383*z + 2*z**2. Calculate i(-3).
0
Let s(a) = -7*a + 4. Let g(m) = 180 - 92 + m - 89. Let l(t) = 5*g(t) + s(t). What is l(10)?
-21
Let s(r) be the second derivative of r**8/6720 - r**7/420 - r**6/90 + r**5/40 - 17*r**4/6 + 82*r. Let f(a) be the third derivative of s(a). Give f(7).
-4
Let f(p) = -p**2 + 8*p + 65. Let i be f(13). Let d(h) = -10*h - 9*h**2 + 2*h**3 - h**3 + 1 + i*h**3 - 4. Give d(10).
-3
Let n be (10/4)/(-1 + 3/2). Let t be (n + 1)/((30/(-8))/(-5)). Let s(g) = -5*g - 4*g + t + 8*g. Calculate s(-6).
14
Let g = -91 + 148. Let n = g - 60. Let z(q) = -3 - q**3 + 3*q + 4 - 2*q**2 + 0*q**2 + 0*q. Calculate z(n).
1
Let j(r) = -r**3 - 3*r + 4 - 125*r**2 - 136*r**2 + 268*r**2 + 6. What is j(7)?
-11
Let s(q) be the third derivative of -11*q**4/24 + 43*q**3/6 - 4188*q**2. What is s(3)?
10
Let i(g) be the second derivative of g**4/6 + 4*g**3/3 - 4*g**2 + g + 63. Give i(2).
16
Suppose h - y - 2 = 0, 4*h - 3*y + 17 = 23. Let d(x) = x**2 + x - 48. Calculate d(h).
-48
Suppose -3*i + 21 = -2*k - k, 2*i + 7 = -5*k. Let o(h) be the third derivative of -h**4/24 + 3*h**2 + 6*h - 101. Determine o(i).
-4
Suppose 5*p = 3*p - 12. Let l be 126/168*(-4)/(-1). Let t(h) = -8 - 3*h - 6*h**2 - 30*h**3 + 10*h**3 + 19*h**l. Calculate t(p).
10
Let u(z) = 2*z**3 - 12*z**2 - 6*z + 7. Let h(x) = 5*x**3 - 35*x**2 - 19*x + 22. Let l = 120 + -123. Let q(y) = l*h(y) + 8*u(y). What is q(-7)?
25
Let u(c) = 2*c**2 - c - 1. Let z be (640/36 - 8) + (-4)/(-18). Suppose 0 = 4*w - 2*w - 22. Let f = z - w. What is u(f)?
2
Let h(u) be the first derivative of 3 - 5*u**2 + 4*u**3 - 24*u - 5*u**3 + 4*u**2. Let n(r) be the first derivative of h(r). Give n(2).
-14
Let d(i) = -1737*i - 1741*i + 5234*i - 1750*i. Suppose -8 = -q - 3*q. Give d(q).
12
Let r(g) = g + 7 - 7*g